ed by 17?
14
Calculate the remainder when 21 is divided by (-8)/3*36/(-16).
3
Suppose 0*y + 80 = 2*y. What is the remainder when 117 is divided by y?
37
Suppose 162 = -t - 2*t. Let v = t + 86. Calculate the remainder when v is divided by ((-2)/(-4))/((-5)/(-170)).
15
Suppose -4 = -4*i, 5*u + 243 - 2597 = -4*i. Let m = u - 218. What is the remainder when (m/(-27))/(1/(-3)) is divided by 15?
13
Suppose 0 = -6*d + 15 + 21. What is the remainder when 21 is divided by d?
3
Suppose -2*n - 3*z = -6 - 48, 0 = 4*n - 2*z - 124. Calculate the remainder when 88 is divided by n.
28
Let j(n) = -97*n + 14. What is the remainder when j(-2) is divided by 10?
8
Calculate the remainder when 8/(-12) + (780/9 - 3) is divided by 21.
20
Suppose 7*u - 3 = 4. Calculate the remainder when 1 is divided by u.
0
Suppose 2*m + 2*f = 18, -m - 4*f = 2*m - 32. Let w = 11 + 0. What is the remainder when w is divided by m?
3
Let v = -6 + 6. Suppose v*x = 3*x - 84. What is the remainder when 41 is divided by 6/8*x/1?
20
Let f(y) = y**2 + y - 8. Calculate the remainder when f(8) is divided by 13.
12
Let k be (7 - (-6)/(-2))*5. Let j = -9 + k. What is the remainder when 21 is divided by j?
10
Let r(a) = a**3 - 7*a**2 + 8*a - 3. Suppose 0 = 5*h - 165 + 40. Calculate the remainder when h is divided by r(6).
7
Suppose -h + 2*g = 4*h - 263, -5*g = 20. Let p = 23 - 10. What is the remainder when h is divided by p?
12
Suppose 0 = -5*k + 5*i + 50, k + 3*i = -3*k + 68. What is the remainder when 27 is divided by k?
13
Suppose -a - 15 = k, -3*a + 19 = -2*k - 31. Let z = -16 - k. Let y = 11 - 8. What is the remainder when z is divided by y?
0
Suppose -o - 1 = 17. Let f = 3 - 1. Calculate the remainder when f is divided by o/(-8) + (-5)/20.
0
Suppose a - 5*c + 0*c = 162, -4*c + 744 = 4*a. Calculate the remainder when a is divided by 46.
44
Suppose -2*v = -3*a - 79, -5*v = -10*v - 2*a + 150. Calculate the remainder when 158 is divided by v.
30
Suppose 4*g - 4*b = 4, -6*b + 3 = -3*b. Let k(a) = -a**3 - 5*a**2 - 5*a - 3. Let p be k(-3). Calculate the remainder when g is divided by 1*(-3)/9*p.
0
Let w(m) = m**2 + 6*m - 4. Calculate the remainder when 21 is divided by w(-7).
0
Suppose 0 = 2*y + 5 - 17. Let t = y + 9. What is the remainder when t is divided by ((-48)/(-9))/((-4)/(-6))?
7
Suppose -13 = -k - 0*k. Suppose k + 19 = 4*s. Suppose -s*y + 3*y = -5. Calculate the remainder when 1 is divided by y.
0
Calculate the remainder when 10/3*312/65 is divided by 7.
2
Let l(j) = -9*j + 0*j - 4*j - j**2 - 9. Let n be l(-8). Suppose -4*h + 61 = -n. What is the remainder when h is divided by 6?
5
Suppose 0 = 2*o - 7*o - 5*b + 65, o = 4*b + 8. Calculate the remainder when o is divided by 3.
0
Let w = -53 - -90. Calculate the remainder when w is divided by 8.
5
Calculate the remainder when 55 is divided by (-244)/(-20) + 1/(-5).
7
Let v(s) = s**2 - 9*s - 5. Let l be v(10). Suppose l*z + 0*z = 50. Suppose 0 = -4*o + 6 + 18. What is the remainder when z is divided by o?
4
Suppose 5*p + 5*q = -15, 0 = 4*p - 5*q - 15 - 18. Suppose -4*j = p*d - 16 - 96, -2*j + 64 = 3*d. Calculate the remainder when j is divided by 7.
5
Let t = 0 + -4. Suppose 42 = -4*j + 166. Calculate the remainder when j is divided by t/(-6) + 62/6.
9
Let n(y) = -y - 2. Let j = -9 + 5. What is the remainder when (22 + j)*2/6 is divided by n(-4)?
0
Let x(w) = 4*w - 14. What is the remainder when 23 is divided by x(7)?
9
Suppose -2*n + 50 = p, 0 = 5*n - 0*p - p - 111. Suppose 0 = 4*s + 7 - 31. Calculate the remainder when n is divided by s.
5
Let g(d) = -d + 7. Let z be g(7). Suppose k = -3*j - z*k + 26, 5*k = -2*j. Calculate the remainder when 52 is divided by (-124)/(-7) - j/(-35).
16
Suppose 54 = -9*b + 15*b. Let v = -21 - -46. What is the remainder when v is divided by b?
7
Suppose s + 60 = 5*s. Suppose s = k - 3. Suppose -3*t + 42 = -3*m, -t - 12 = -3*t - 2*m. What is the remainder when k is divided by t?
8
Suppose 2*a - 4*d = -d + 204, -4*a + 2*d = -400. What is the remainder when a is divided by 25?
24
Let f(h) = 9*h + 6. Let u be f(8). Suppose -27 = -3*p + u. What is the remainder when p is divided by 12?
11
Suppose k - 4 = t, -2*k - t = -8 + 3. What is the remainder when 4 is divided by k?
1
Suppose -3*u + 69 = -3. Calculate the remainder when u is divided by (4/(-6))/((-4)/54).
6
Let n(b) = -b**2 - 10*b + 8. Suppose f - 2*d - 15 = 0, -4*f + 27 = d + 2*d. Calculate the remainder when n(-9) is divided by f.
8
Let x(m) = 2*m - 2. Suppose 5*d - 174 - 276 = 0. Suppose 8*z = 3*z - 5*h + d, 52 = 4*z - h. What is the remainder when z is divided by x(5)?
6
Let h = -33 + 102. Calculate the remainder when h is divided by 36.
33
Let m be 2/(12/10)*3. Let u = 6 - m. Let h = u + 25. What is the remainder when h is divided by 9?
8
Suppose 0 = -8*g + 2*g + 18. Let a be 3/((-4)/6 - -1). What is the remainder when a*(0 - (-1)/g) is divided by 2?
1
Calculate the remainder when 118 is divided by 1266/42 - 2/14.
28
Let v(m) = -2*m - 13. Let w be v(-10). Let a = w - -5. What is the remainder when 21 is divided by a?
9
Let s = 141 - 97. Suppose 3*x - 99 + 30 = 0. What is the remainder when s is divided by x?
21
Let j be -1 - (-9)/3*1. Suppose j*k = 5*k - 99. What is the remainder when k is divided by 18?
15
Let v(g) = -2*g. Let d be v(-2). Let z = 12 + -7. Calculate the remainder when 26/d*2 + 1 is divided by z.
4
Let y = 41 + -27. Let a(j) = -124*j**3 + j + 1. Let c be a(-1). Suppose -c + 43 = -3*g. Calculate the remainder when g is divided by y.
13
Let k(p) = -1 - 3*p + 15*p - 2*p. Calculate the remainder when k(2) is divided by 11.
8
Let y(k) = 20*k. Let v(i) = -10*i. Let s(x) = 13*v(x) + 6*y(x). Suppose 0 = -8*t + 3*t - 10. What is the remainder when 38 is divided by s(t)?
18
Let c = -19 - -22. Suppose 4*n + 4*d - 62 = n, -c*d - 12 = 0. What is the remainder when (-12 - 1)*-6 + -2 is divided by n?
24
Suppose -5*z + 100 = -z. What is the remainder when z is divided by 10?
5
Suppose 3*w = -2*c + 102, -2*w + 2*c + 2*c + 52 = 0. What is the remainder when 58 is divided by w?
26
Suppose a - 5*l = -0*l + 15, -3*a - l = -13. Let k = a + -3. Suppose 0 = k*m + 3*m - 130. Calculate the remainder when m is divided by 9.
8
Let v be 2/(-10) + (-330)/(-25). Let t = -8 + v. Suppose -t*q = 20 - 60. Calculate the remainder when 14 is divided by q.
6
Suppose 53 = -4*r - 0*j - 3*j, -5*j = -2*r - 33. Calculate the remainder when 26 is divided by (-3 + 4)/((-2)/r).
5
Let d(c) = -c**3 - 2*c**2 + c + 2. Let x be d(-2). Suppose x = -8*m + 3*m + 175. Calculate the remainder when m is divided by ((-1)/(-2))/(3/72).
11
Suppose -5*g + 6 = -4. Suppose -3*x + a + 11 = 0, 7*a = 3*x + g*a - 31. Calculate the remainder when 5 is divided by x.
1
Suppose 2*b - 4*b = 5*v - 10, 0 = b + v - 11. Suppose 44 = -t + 2*t. What is the remainder when t is divided by b?
14
Let s = -97 + 149. Suppose 2*v - v = s. Suppose c - v = -c. Calculate the remainder when 50 is divided by c.
24
Let w be 3 - 1 - 3/(-1). Suppose -160 = -w*z - y, 0 = -z - z - y + 67. Calculate the remainder when z is divided by 16.
15
Let p = -3 + 13. Calculate the remainder when (12/(-20))/((-1)/p) is divided by 4 + 0/3 + -1.
0
What is the remainder when 106 is divided by (-166)/(-6) - (-6)/(-9)?
25
Suppose 214 = 3*r + 5*l, -r + 0*r + 66 = -l. Calculate the remainder when r is divided by 23.
22
Let f be (4/6)/(2/39). Let w = f - 4. Calculate the remainder when 17 is divided by w.
8
Calculate the remainder when 10 is divided by (-39)/(-15) - (-2)/5.
1
What is the remainder when (6/8 - 1) + 3029/52 is divided by 30?
28
Let q = 81 - 44. Suppose n + 12 - q = 0. Let t = 7 + 6. Calculate the remainder when n is divided by t.
12
Let r be (-1)/(3*2/678). What is the remainder when 7/21 - r/3 is divided by 13?
12
Let n = -19 + 23. What is the remainder when 5 is divided by n?
1
Let a = 30 + -13. Suppose 4*n - 7 = a. What is the remainder when n is divided by 3?
0
Let q(n) = -n + 13. What is the remainder when 23 is divided by q(7)?
5
Let p(k) = 1 + 5*k + 0*k - 5 + 0. Calculate the remainder when 63 is divided by p(4).
15
Let x(p) = 3*p - 2. Let l = 7 + -3. What is the remainder when 19 is divided by x(l)?
9
Suppose -3*w + 8*w - 125 = 0. Suppose x = 2*u - 31, 3*u + 2*x - 20 - 9 = 0. What is the remainder when w is divided by u?
12
C